{"id":8372,"date":"2020-01-01T15:50:01","date_gmt":"2020-01-01T15:50:01","guid":{"rendered":"https:\/\/www.ergagranit.com.tr\/magaza\/?post_type=product&#038;p=8372"},"modified":"2024-11-06T01:17:29","modified_gmt":"2024-11-06T01:17:29","slug":"bazalt-kup-tas","status":"publish","type":"product","link":"https:\/\/www.ergagranit.com.tr\/magaza\/urun\/bazalt-kup-tas\/","title":{"rendered":"Bazalt K\u00fcp Ta\u015f"},"content":{"rendered":"<p><strong>Bazalt k\u00fcp ta\u015f\u0131<\/strong>; volkanik kaya k\u00fctlelerinden birisidir. Gabro ta\u015f ailesinden gelen de\u011ferli bir ta\u015f t\u00fcr\u00fcd\u00fcr. Volkanik patlamalarda yanarda\u011f\u0131n p\u00fcsk\u00fcrtmeleri sonucu olu\u015fmaktad\u0131r. Siyah renge sahip olduk\u00e7a sert yap\u0131da bir ta\u015f t\u00fcr\u00fcd\u00fcr. Bas\u0131nca kar\u015f\u0131 olduk\u00e7a dayanakl\u0131 bir ta\u015ft\u0131r. Magma ak\u0131nt\u0131lar\u0131n\u0131n so\u011fuyup sertle\u015fmesi ile olu\u015ftu\u011fu i\u00e7in en belirgin \u00f6zelliklerinden biriside k\u00fctleler halinde d\u00fczg\u00fcn alt\u0131gen \u015feklinde olmas\u0131d\u0131r.<\/p>\n","protected":false},"excerpt":{"rendered":"<p>Bazalt k\u00fcp ta\u015f\u0131; volkanik kaya k\u00fctlelerinden birisidir. Gabro ta\u015f ailesinden gelen de\u011ferli bir ta\u015f t\u00fcr\u00fcd\u00fcr. Volkanik patlamalarda yanarda\u011f\u0131n p\u00fcsk\u00fcrtmeleri sonucu olu\u015fmaktad\u0131r. Siyah renge sahip olduk\u00e7a sert yap\u0131da bir ta\u015f t\u00fcr\u00fcd\u00fcr. Bas\u0131nca kar\u015f\u0131 olduk\u00e7a dayanakl\u0131 bir ta\u015ft\u0131r. Magma ak\u0131nt\u0131lar\u0131n\u0131n so\u011fuyup sertle\u015fmesi ile olu\u015ftu\u011fu i\u00e7in en belirgin \u00f6zelliklerinden biriside k\u00fctleler halinde d\u00fczg\u00fcn alt\u0131gen \u015feklinde olmas\u0131d\u0131r.<\/p>\n","protected":false},"featured_media":8278,"comment_status":"open","ping_status":"closed","template":"","meta":[],"class_list":["post-8372","product","type-product","status-publish","has-post-thumbnail","hentry","product_cat-bazalt-urunler"],"yoast_head":"<!-- This site is optimized with the Yoast SEO plugin v22.7 - https:\/\/yoast.com\/wordpress\/plugins\/seo\/ -->\n<title>Bazalt K\u00fcp Ta\u015f - Erga Granit Ma\u011faza<\/title>\n<meta name=\"robots\" content=\"index, follow, max-snippet:-1, max-image-preview:large, max-video-preview:-1\" \/>\n<link rel=\"canonical\" href=\"https:\/\/www.ergagranit.com.tr\/magaza\/urun\/bazalt-kup-tas\/\" \/>\n<meta property=\"og:locale\" content=\"tr_TR\" \/>\n<meta property=\"og:type\" content=\"article\" \/>\n<meta property=\"og:title\" content=\"Bazalt K\u00fcp Ta\u015f - Erga Granit Ma\u011faza\" \/>\n<meta property=\"og:description\" content=\"Bazalt k\u00fcp ta\u015f\u0131; volkanik kaya k\u00fctlelerinden birisidir. Gabro ta\u015f ailesinden gelen de\u011ferli bir ta\u015f t\u00fcr\u00fcd\u00fcr. Volkanik patlamalarda yanarda\u011f\u0131n p\u00fcsk\u00fcrtmeleri sonucu olu\u015fmaktad\u0131r. Siyah renge sahip olduk\u00e7a sert yap\u0131da bir ta\u015f t\u00fcr\u00fcd\u00fcr. Bas\u0131nca kar\u015f\u0131 olduk\u00e7a dayanakl\u0131 bir ta\u015ft\u0131r. Magma ak\u0131nt\u0131lar\u0131n\u0131n so\u011fuyup sertle\u015fmesi ile olu\u015ftu\u011fu i\u00e7in en belirgin \u00f6zelliklerinden biriside k\u00fctleler halinde d\u00fczg\u00fcn alt\u0131gen \u015feklinde olmas\u0131d\u0131r.\" \/>\n<meta property=\"og:url\" content=\"https:\/\/www.ergagranit.com.tr\/magaza\/urun\/bazalt-kup-tas\/\" \/>\n<meta property=\"og:site_name\" content=\"Erga Granit Ma\u011faza\" \/>\n<meta property=\"article:publisher\" content=\"https:\/\/www.facebook.com\/ergagranit\" \/>\n<meta property=\"article:modified_time\" content=\"2024-11-06T01:17:29+00:00\" \/>\n<meta property=\"og:image\" content=\"https:\/\/www.ergagranit.com.tr\/magaza\/wp-content\/uploads\/2019\/12\/bazalt-kup-tas.png\" \/>\n\t<meta property=\"og:image:width\" content=\"600\" \/>\n\t<meta property=\"og:image:height\" content=\"400\" \/>\n\t<meta property=\"og:image:type\" content=\"image\/png\" \/>\n<meta name=\"twitter:card\" content=\"summary_large_image\" \/>\n<meta name=\"twitter:site\" content=\"@ergagranit\" \/>\n<script type=\"application\/ld+json\" class=\"yoast-schema-graph\">{\"@context\":\"https:\/\/schema.org\",\"@graph\":[{\"@type\":\"WebPage\",\"@id\":\"https:\/\/www.ergagranit.com.tr\/magaza\/urun\/bazalt-kup-tas\/\",\"url\":\"https:\/\/www.ergagranit.com.tr\/magaza\/urun\/bazalt-kup-tas\/\",\"name\":\"Bazalt K\u00fcp Ta\u015f - Erga Granit Ma\u011faza\",\"isPartOf\":{\"@id\":\"https:\/\/www.ergagranit.com.tr\/magaza\/#website\"},\"primaryImageOfPage\":{\"@id\":\"https:\/\/www.ergagranit.com.tr\/magaza\/urun\/bazalt-kup-tas\/#primaryimage\"},\"image\":{\"@id\":\"https:\/\/www.ergagranit.com.tr\/magaza\/urun\/bazalt-kup-tas\/#primaryimage\"},\"thumbnailUrl\":\"https:\/\/www.ergagranit.com.tr\/magaza\/wp-content\/uploads\/2019\/12\/bazalt-kup-tas.png\",\"datePublished\":\"2020-01-01T15:50:01+00:00\",\"dateModified\":\"2024-11-06T01:17:29+00:00\",\"breadcrumb\":{\"@id\":\"https:\/\/www.ergagranit.com.tr\/magaza\/urun\/bazalt-kup-tas\/#breadcrumb\"},\"inLanguage\":\"tr\",\"potentialAction\":[{\"@type\":\"ReadAction\",\"target\":[\"https:\/\/www.ergagranit.com.tr\/magaza\/urun\/bazalt-kup-tas\/\"]}]},{\"@type\":\"ImageObject\",\"inLanguage\":\"tr\",\"@id\":\"https:\/\/www.ergagranit.com.tr\/magaza\/urun\/bazalt-kup-tas\/#primaryimage\",\"url\":\"https:\/\/www.ergagranit.com.tr\/magaza\/wp-content\/uploads\/2019\/12\/bazalt-kup-tas.png\",\"contentUrl\":\"https:\/\/www.ergagranit.com.tr\/magaza\/wp-content\/uploads\/2019\/12\/bazalt-kup-tas.png\",\"width\":600,\"height\":400},{\"@type\":\"BreadcrumbList\",\"@id\":\"https:\/\/www.ergagranit.com.tr\/magaza\/urun\/bazalt-kup-tas\/#breadcrumb\",\"itemListElement\":[{\"@type\":\"ListItem\",\"position\":1,\"name\":\"Anasayfa\",\"item\":\"https:\/\/www.ergagranit.com.tr\/magaza\/\"},{\"@type\":\"ListItem\",\"position\":2,\"name\":\"Ma\u011faza\",\"item\":\"https:\/\/www.ergagranit.com.tr\/magaza\/urunler\/\"},{\"@type\":\"ListItem\",\"position\":3,\"name\":\"Bazalt K\u00fcp Ta\u015f\"}]},{\"@type\":\"WebSite\",\"@id\":\"https:\/\/www.ergagranit.com.tr\/magaza\/#website\",\"url\":\"https:\/\/www.ergagranit.com.tr\/magaza\/\",\"name\":\"Erga Granit Ma\u011faza\",\"description\":\"Online Al\u0131\u015fveri\u015f Yap\u0131n\",\"publisher\":{\"@id\":\"https:\/\/www.ergagranit.com.tr\/magaza\/#organization\"},\"potentialAction\":[{\"@type\":\"SearchAction\",\"target\":{\"@type\":\"EntryPoint\",\"urlTemplate\":\"https:\/\/www.ergagranit.com.tr\/magaza\/?s={search_term_string}\"},\"query-input\":\"required name=search_term_string\"}],\"inLanguage\":\"tr\"},{\"@type\":\"Organization\",\"@id\":\"https:\/\/www.ergagranit.com.tr\/magaza\/#organization\",\"name\":\"Erga Granit Madencilik Sanayi Tic Ltd \u015eti.\",\"url\":\"https:\/\/www.ergagranit.com.tr\/magaza\/\",\"logo\":{\"@type\":\"ImageObject\",\"inLanguage\":\"tr\",\"@id\":\"https:\/\/www.ergagranit.com.tr\/magaza\/#\/schema\/logo\/image\/\",\"url\":\"https:\/\/www.ergagranit.com.tr\/magaza\/wp-content\/uploads\/2021\/01\/erga-madencilik.png\",\"contentUrl\":\"https:\/\/www.ergagranit.com.tr\/magaza\/wp-content\/uploads\/2021\/01\/erga-madencilik.png\",\"width\":402,\"height\":304,\"caption\":\"Erga Granit Madencilik Sanayi Tic Ltd \u015eti.\"},\"image\":{\"@id\":\"https:\/\/www.ergagranit.com.tr\/magaza\/#\/schema\/logo\/image\/\"},\"sameAs\":[\"https:\/\/www.facebook.com\/ergagranit\",\"https:\/\/x.com\/ergagranit\",\"https:\/\/www.instagram.com\/ergagranit\/\"]}]}<\/script>\n<!-- \/ Yoast SEO plugin. -->","yoast_head_json":{"title":"Bazalt K\u00fcp Ta\u015f - Erga Granit Ma\u011faza","robots":{"index":"index","follow":"follow","max-snippet":"max-snippet:-1","max-image-preview":"max-image-preview:large","max-video-preview":"max-video-preview:-1"},"canonical":"https:\/\/www.ergagranit.com.tr\/magaza\/urun\/bazalt-kup-tas\/","og_locale":"tr_TR","og_type":"article","og_title":"Bazalt K\u00fcp Ta\u015f - Erga Granit Ma\u011faza","og_description":"Bazalt k\u00fcp ta\u015f\u0131; volkanik kaya k\u00fctlelerinden birisidir. Gabro ta\u015f ailesinden gelen de\u011ferli bir ta\u015f t\u00fcr\u00fcd\u00fcr. Volkanik patlamalarda yanarda\u011f\u0131n p\u00fcsk\u00fcrtmeleri sonucu olu\u015fmaktad\u0131r. Siyah renge sahip olduk\u00e7a sert yap\u0131da bir ta\u015f t\u00fcr\u00fcd\u00fcr. Bas\u0131nca kar\u015f\u0131 olduk\u00e7a dayanakl\u0131 bir ta\u015ft\u0131r. Magma ak\u0131nt\u0131lar\u0131n\u0131n so\u011fuyup sertle\u015fmesi ile olu\u015ftu\u011fu i\u00e7in en belirgin \u00f6zelliklerinden biriside k\u00fctleler halinde d\u00fczg\u00fcn alt\u0131gen \u015feklinde olmas\u0131d\u0131r.","og_url":"https:\/\/www.ergagranit.com.tr\/magaza\/urun\/bazalt-kup-tas\/","og_site_name":"Erga Granit Ma\u011faza","article_publisher":"https:\/\/www.facebook.com\/ergagranit","article_modified_time":"2024-11-06T01:17:29+00:00","og_image":[{"width":600,"height":400,"url":"https:\/\/www.ergagranit.com.tr\/magaza\/wp-content\/uploads\/2019\/12\/bazalt-kup-tas.png","type":"image\/png"}],"twitter_card":"summary_large_image","twitter_site":"@ergagranit","schema":{"@context":"https:\/\/schema.org","@graph":[{"@type":"WebPage","@id":"https:\/\/www.ergagranit.com.tr\/magaza\/urun\/bazalt-kup-tas\/","url":"https:\/\/www.ergagranit.com.tr\/magaza\/urun\/bazalt-kup-tas\/","name":"Bazalt K\u00fcp Ta\u015f - Erga Granit Ma\u011faza","isPartOf":{"@id":"https:\/\/www.ergagranit.com.tr\/magaza\/#website"},"primaryImageOfPage":{"@id":"https:\/\/www.ergagranit.com.tr\/magaza\/urun\/bazalt-kup-tas\/#primaryimage"},"image":{"@id":"https:\/\/www.ergagranit.com.tr\/magaza\/urun\/bazalt-kup-tas\/#primaryimage"},"thumbnailUrl":"https:\/\/www.ergagranit.com.tr\/magaza\/wp-content\/uploads\/2019\/12\/bazalt-kup-tas.png","datePublished":"2020-01-01T15:50:01+00:00","dateModified":"2024-11-06T01:17:29+00:00","breadcrumb":{"@id":"https:\/\/www.ergagranit.com.tr\/magaza\/urun\/bazalt-kup-tas\/#breadcrumb"},"inLanguage":"tr","potentialAction":[{"@type":"ReadAction","target":["https:\/\/www.ergagranit.com.tr\/magaza\/urun\/bazalt-kup-tas\/"]}]},{"@type":"ImageObject","inLanguage":"tr","@id":"https:\/\/www.ergagranit.com.tr\/magaza\/urun\/bazalt-kup-tas\/#primaryimage","url":"https:\/\/www.ergagranit.com.tr\/magaza\/wp-content\/uploads\/2019\/12\/bazalt-kup-tas.png","contentUrl":"https:\/\/www.ergagranit.com.tr\/magaza\/wp-content\/uploads\/2019\/12\/bazalt-kup-tas.png","width":600,"height":400},{"@type":"BreadcrumbList","@id":"https:\/\/www.ergagranit.com.tr\/magaza\/urun\/bazalt-kup-tas\/#breadcrumb","itemListElement":[{"@type":"ListItem","position":1,"name":"Anasayfa","item":"https:\/\/www.ergagranit.com.tr\/magaza\/"},{"@type":"ListItem","position":2,"name":"Ma\u011faza","item":"https:\/\/www.ergagranit.com.tr\/magaza\/urunler\/"},{"@type":"ListItem","position":3,"name":"Bazalt K\u00fcp Ta\u015f"}]},{"@type":"WebSite","@id":"https:\/\/www.ergagranit.com.tr\/magaza\/#website","url":"https:\/\/www.ergagranit.com.tr\/magaza\/","name":"Erga Granit Ma\u011faza","description":"Online Al\u0131\u015fveri\u015f Yap\u0131n","publisher":{"@id":"https:\/\/www.ergagranit.com.tr\/magaza\/#organization"},"potentialAction":[{"@type":"SearchAction","target":{"@type":"EntryPoint","urlTemplate":"https:\/\/www.ergagranit.com.tr\/magaza\/?s={search_term_string}"},"query-input":"required name=search_term_string"}],"inLanguage":"tr"},{"@type":"Organization","@id":"https:\/\/www.ergagranit.com.tr\/magaza\/#organization","name":"Erga Granit Madencilik Sanayi Tic Ltd \u015eti.","url":"https:\/\/www.ergagranit.com.tr\/magaza\/","logo":{"@type":"ImageObject","inLanguage":"tr","@id":"https:\/\/www.ergagranit.com.tr\/magaza\/#\/schema\/logo\/image\/","url":"https:\/\/www.ergagranit.com.tr\/magaza\/wp-content\/uploads\/2021\/01\/erga-madencilik.png","contentUrl":"https:\/\/www.ergagranit.com.tr\/magaza\/wp-content\/uploads\/2021\/01\/erga-madencilik.png","width":402,"height":304,"caption":"Erga Granit Madencilik Sanayi Tic Ltd \u015eti."},"image":{"@id":"https:\/\/www.ergagranit.com.tr\/magaza\/#\/schema\/logo\/image\/"},"sameAs":["https:\/\/www.facebook.com\/ergagranit","https:\/\/x.com\/ergagranit","https:\/\/www.instagram.com\/ergagranit\/"]}]}},"_links":{"self":[{"href":"https:\/\/www.ergagranit.com.tr\/magaza\/wp-json\/wp\/v2\/product\/8372","targetHints":{"allow":["GET"]}}],"collection":[{"href":"https:\/\/www.ergagranit.com.tr\/magaza\/wp-json\/wp\/v2\/product"}],"about":[{"href":"https:\/\/www.ergagranit.com.tr\/magaza\/wp-json\/wp\/v2\/types\/product"}],"replies":[{"embeddable":true,"href":"https:\/\/www.ergagranit.com.tr\/magaza\/wp-json\/wp\/v2\/comments?post=8372"}],"wp:featuredmedia":[{"embeddable":true,"href":"https:\/\/www.ergagranit.com.tr\/magaza\/wp-json\/wp\/v2\/media\/8278"}],"wp:attachment":[{"href":"https:\/\/www.ergagranit.com.tr\/magaza\/wp-json\/wp\/v2\/media?parent=8372"}],"curies":[{"name":"wp","href":"https:\/\/api.w.org\/{rel}","templated":true}]}}