{"id":10,"date":"2019-12-26T19:03:56","date_gmt":"2019-12-26T19:03:56","guid":{"rendered":"http:\/\/www.ergagranit.com.tr\/magaza\/hesabim\/"},"modified":"2019-12-26T19:03:56","modified_gmt":"2019-12-26T19:03:56","slug":"hesabim","status":"publish","type":"page","link":"https:\/\/www.ergagranit.com.tr\/magaza\/hesabim\/","title":{"rendered":"Hesab\u0131m"},"content":{"rendered":"<div class=\"woocommerce\"><\/div>\n","protected":false},"excerpt":{"rendered":"","protected":false},"author":1,"featured_media":0,"parent":0,"menu_order":0,"comment_status":"closed","ping_status":"closed","template":"","meta":{"footnotes":""},"class_list":["post-10","page","type-page","status-publish","hentry"],"yoast_head":"<!-- This site is optimized with the Yoast SEO plugin v22.7 - https:\/\/yoast.com\/wordpress\/plugins\/seo\/ -->\n<title>Hesab\u0131m - Erga Granit Ma\u011faza<\/title>\n<meta name=\"robots\" content=\"index, follow, max-snippet:-1, max-image-preview:large, max-video-preview:-1\" \/>\n<link rel=\"canonical\" href=\"https:\/\/www.ergagranit.com.tr\/magaza\/hesabim\/\" \/>\n<meta property=\"og:locale\" content=\"tr_TR\" \/>\n<meta property=\"og:type\" content=\"article\" \/>\n<meta property=\"og:title\" content=\"Hesab\u0131m - Erga Granit Ma\u011faza\" \/>\n<meta property=\"og:url\" content=\"https:\/\/www.ergagranit.com.tr\/magaza\/hesabim\/\" \/>\n<meta property=\"og:site_name\" content=\"Erga Granit Ma\u011faza\" \/>\n<meta property=\"article:publisher\" content=\"https:\/\/www.facebook.com\/ergagranit\" \/>\n<meta property=\"og:image\" content=\"https:\/\/www.ergagranit.com.tr\/magaza\/wp-content\/uploads\/2019\/12\/erga-header-2.png\" \/>\n\t<meta property=\"og:image:width\" content=\"1903\" \/>\n\t<meta property=\"og:image:height\" content=\"650\" \/>\n\t<meta property=\"og:image:type\" content=\"image\/png\" \/>\n<meta name=\"twitter:card\" content=\"summary_large_image\" \/>\n<meta name=\"twitter:site\" content=\"@ergagranit\" \/>\n<script type=\"application\/ld+json\" class=\"yoast-schema-graph\">{\"@context\":\"https:\/\/schema.org\",\"@graph\":[{\"@type\":\"WebPage\",\"@id\":\"https:\/\/www.ergagranit.com.tr\/magaza\/hesabim\/\",\"url\":\"https:\/\/www.ergagranit.com.tr\/magaza\/hesabim\/\",\"name\":\"Hesab\u0131m - Erga Granit Ma\u011faza\",\"isPartOf\":{\"@id\":\"https:\/\/www.ergagranit.com.tr\/magaza\/#website\"},\"datePublished\":\"2019-12-26T19:03:56+00:00\",\"dateModified\":\"2019-12-26T19:03:56+00:00\",\"breadcrumb\":{\"@id\":\"https:\/\/www.ergagranit.com.tr\/magaza\/hesabim\/#breadcrumb\"},\"inLanguage\":\"tr\",\"potentialAction\":[{\"@type\":\"ReadAction\",\"target\":[\"https:\/\/www.ergagranit.com.tr\/magaza\/hesabim\/\"]}]},{\"@type\":\"BreadcrumbList\",\"@id\":\"https:\/\/www.ergagranit.com.tr\/magaza\/hesabim\/#breadcrumb\",\"itemListElement\":[{\"@type\":\"ListItem\",\"position\":1,\"name\":\"Anasayfa\",\"item\":\"https:\/\/www.ergagranit.com.tr\/magaza\/\"},{\"@type\":\"ListItem\",\"position\":2,\"name\":\"Hesab\u0131m\"}]},{\"@type\":\"WebSite\",\"@id\":\"https:\/\/www.ergagranit.com.tr\/magaza\/#website\",\"url\":\"https:\/\/www.ergagranit.com.tr\/magaza\/\",\"name\":\"Erga Granit Ma\u011faza\",\"description\":\"Online Al\u0131\u015fveri\u015f Yap\u0131n\",\"publisher\":{\"@id\":\"https:\/\/www.ergagranit.com.tr\/magaza\/#organization\"},\"potentialAction\":[{\"@type\":\"SearchAction\",\"target\":{\"@type\":\"EntryPoint\",\"urlTemplate\":\"https:\/\/www.ergagranit.com.tr\/magaza\/?s={search_term_string}\"},\"query-input\":\"required name=search_term_string\"}],\"inLanguage\":\"tr\"},{\"@type\":\"Organization\",\"@id\":\"https:\/\/www.ergagranit.com.tr\/magaza\/#organization\",\"name\":\"Erga Granit Madencilik Sanayi Tic Ltd \u015eti.\",\"url\":\"https:\/\/www.ergagranit.com.tr\/magaza\/\",\"logo\":{\"@type\":\"ImageObject\",\"inLanguage\":\"tr\",\"@id\":\"https:\/\/www.ergagranit.com.tr\/magaza\/#\/schema\/logo\/image\/\",\"url\":\"https:\/\/www.ergagranit.com.tr\/magaza\/wp-content\/uploads\/2021\/01\/erga-madencilik.png\",\"contentUrl\":\"https:\/\/www.ergagranit.com.tr\/magaza\/wp-content\/uploads\/2021\/01\/erga-madencilik.png\",\"width\":402,\"height\":304,\"caption\":\"Erga Granit Madencilik Sanayi Tic Ltd \u015eti.\"},\"image\":{\"@id\":\"https:\/\/www.ergagranit.com.tr\/magaza\/#\/schema\/logo\/image\/\"},\"sameAs\":[\"https:\/\/www.facebook.com\/ergagranit\",\"https:\/\/x.com\/ergagranit\",\"https:\/\/www.instagram.com\/ergagranit\/\"]}]}<\/script>\n<!-- \/ Yoast SEO plugin. -->","yoast_head_json":{"title":"Hesab\u0131m - Erga Granit Ma\u011faza","robots":{"index":"index","follow":"follow","max-snippet":"max-snippet:-1","max-image-preview":"max-image-preview:large","max-video-preview":"max-video-preview:-1"},"canonical":"https:\/\/www.ergagranit.com.tr\/magaza\/hesabim\/","og_locale":"tr_TR","og_type":"article","og_title":"Hesab\u0131m - Erga Granit Ma\u011faza","og_url":"https:\/\/www.ergagranit.com.tr\/magaza\/hesabim\/","og_site_name":"Erga Granit Ma\u011faza","article_publisher":"https:\/\/www.facebook.com\/ergagranit","og_image":[{"width":1903,"height":650,"url":"https:\/\/www.ergagranit.com.tr\/magaza\/wp-content\/uploads\/2019\/12\/erga-header-2.png","type":"image\/png"}],"twitter_card":"summary_large_image","twitter_site":"@ergagranit","schema":{"@context":"https:\/\/schema.org","@graph":[{"@type":"WebPage","@id":"https:\/\/www.ergagranit.com.tr\/magaza\/hesabim\/","url":"https:\/\/www.ergagranit.com.tr\/magaza\/hesabim\/","name":"Hesab\u0131m - Erga Granit Ma\u011faza","isPartOf":{"@id":"https:\/\/www.ergagranit.com.tr\/magaza\/#website"},"datePublished":"2019-12-26T19:03:56+00:00","dateModified":"2019-12-26T19:03:56+00:00","breadcrumb":{"@id":"https:\/\/www.ergagranit.com.tr\/magaza\/hesabim\/#breadcrumb"},"inLanguage":"tr","potentialAction":[{"@type":"ReadAction","target":["https:\/\/www.ergagranit.com.tr\/magaza\/hesabim\/"]}]},{"@type":"BreadcrumbList","@id":"https:\/\/www.ergagranit.com.tr\/magaza\/hesabim\/#breadcrumb","itemListElement":[{"@type":"ListItem","position":1,"name":"Anasayfa","item":"https:\/\/www.ergagranit.com.tr\/magaza\/"},{"@type":"ListItem","position":2,"name":"Hesab\u0131m"}]},{"@type":"WebSite","@id":"https:\/\/www.ergagranit.com.tr\/magaza\/#website","url":"https:\/\/www.ergagranit.com.tr\/magaza\/","name":"Erga Granit Ma\u011faza","description":"Online Al\u0131\u015fveri\u015f Yap\u0131n","publisher":{"@id":"https:\/\/www.ergagranit.com.tr\/magaza\/#organization"},"potentialAction":[{"@type":"SearchAction","target":{"@type":"EntryPoint","urlTemplate":"https:\/\/www.ergagranit.com.tr\/magaza\/?s={search_term_string}"},"query-input":"required name=search_term_string"}],"inLanguage":"tr"},{"@type":"Organization","@id":"https:\/\/www.ergagranit.com.tr\/magaza\/#organization","name":"Erga Granit Madencilik Sanayi Tic Ltd \u015eti.","url":"https:\/\/www.ergagranit.com.tr\/magaza\/","logo":{"@type":"ImageObject","inLanguage":"tr","@id":"https:\/\/www.ergagranit.com.tr\/magaza\/#\/schema\/logo\/image\/","url":"https:\/\/www.ergagranit.com.tr\/magaza\/wp-content\/uploads\/2021\/01\/erga-madencilik.png","contentUrl":"https:\/\/www.ergagranit.com.tr\/magaza\/wp-content\/uploads\/2021\/01\/erga-madencilik.png","width":402,"height":304,"caption":"Erga Granit Madencilik Sanayi Tic Ltd \u015eti."},"image":{"@id":"https:\/\/www.ergagranit.com.tr\/magaza\/#\/schema\/logo\/image\/"},"sameAs":["https:\/\/www.facebook.com\/ergagranit","https:\/\/x.com\/ergagranit","https:\/\/www.instagram.com\/ergagranit\/"]}]}},"_links":{"self":[{"href":"https:\/\/www.ergagranit.com.tr\/magaza\/wp-json\/wp\/v2\/pages\/10","targetHints":{"allow":["GET"]}}],"collection":[{"href":"https:\/\/www.ergagranit.com.tr\/magaza\/wp-json\/wp\/v2\/pages"}],"about":[{"href":"https:\/\/www.ergagranit.com.tr\/magaza\/wp-json\/wp\/v2\/types\/page"}],"author":[{"embeddable":true,"href":"https:\/\/www.ergagranit.com.tr\/magaza\/wp-json\/wp\/v2\/users\/1"}],"replies":[{"embeddable":true,"href":"https:\/\/www.ergagranit.com.tr\/magaza\/wp-json\/wp\/v2\/comments?post=10"}],"version-history":[{"count":0,"href":"https:\/\/www.ergagranit.com.tr\/magaza\/wp-json\/wp\/v2\/pages\/10\/revisions"}],"wp:attachment":[{"href":"https:\/\/www.ergagranit.com.tr\/magaza\/wp-json\/wp\/v2\/media?parent=10"}],"curies":[{"name":"wp","href":"https:\/\/api.w.org\/{rel}","templated":true}]}}